(-70)).
89
Let g = -118 - -54. Let u be (-1 - 225)*4/8. Let w = g - u. What is the remainder when w is divided by 17?
15
Let q = 14 - 9. Let a(y) = y - 3. What is the remainder when a(q) is divided by 2*-1*2 + 195 + -189?
0
Let a(y) = 2*y + 2*y + 2*y - 36 - 3*y. Let l = 18 + 0. What is the remainder when a(23) is divided by l?
15
Suppose -5*t - 11 - 8 = 4*a, -4*t + 10 = -a. Let y = a - -13. Suppose k - 5 - y = 0. What is the remainder when 44 is divided by k?
8
Let g = 7 - 5. Suppose 0 = -h - 1 - 2. Calculate the remainder when ((-1)/h)/(5/30) is divided by g.
0
Let j(o) = -o**2 - 18*o - 62. Calculate the remainder when 46 is divided by j(-6).
6
Suppose 12 + 1 = g. Suppose -4*o + g = -215. Calculate the remainder when o is divided by 31.
26
Suppose 36*i - 37*i + 147 = 0. Calculate the remainder when i is divided by 10.
7
Let i(n) = -n**2 - 51*n - 141. What is the remainder when i(-48) is divided by 2?
1
Suppose -5*m + 323 = i, -4*i - 66 - 202 = -4*m. Suppose 12 = 5*s - s, -5*s = 5*f - 35. Suppose -l = f*l - m. What is the remainder when 36 is divided by l?
10
Let s(m) = m**2 + 2*m - 11. Calculate the remainder when ((-6)/(-24))/((-2)/(-88)) is divided by s(-5).
3
Suppose -3*n = 7*b - 4*b - 24, 2*b - n - 10 = 0. What is the remainder when 83 is divided by b?
5
Let j be -1*1*2/(-6)*33. Calculate the remainder when 165 is divided by (46 - j)*3/5.
18
Suppose -8 = -3*t + 4. Suppose 0*d + t*d = 0. Calculate the remainder when (-40)/3*(-6 + d) is divided by 27.
26
Let o = 26 + -22. Calculate the remainder when o is divided by (-6)/(-8) + (-6)/(-144)*6.
0
What is the remainder when 7414/30 - 64/480 is divided by 84?
79
Let h(k) = -k**2 + 5*k + 6. Let g be h(6). Suppose 3*y - 21 = -4*b, g = -3*y - 3*b + 2 + 16. What is the remainder when 15 is divided by y?
0
Suppose -20*p + 15*p + 25 = 0. Suppose 0 = -2*b + p*b - 36. What is the remainder when (-2)/6 + 212/6 is divided by b?
11
Let y be 2 - ((-2)/(-4))/(1/(-2)). Calculate the remainder when 220 is divided by (-10 + 5 + 2)/(y/(-56)).
52
Suppose 0*v - 220 = 4*v. Let d = -20 - v. Calculate the remainder when d is divided by 8.
3
Let s be (23 - 3 - 1)*-1. Let o = s - -17. Let j(y) = -y**3 - 2*y - 3. What is the remainder when 35 is divided by j(o)?
8
Suppose y + 4 = -y. Suppose -5*o + 19 = -j, 3*j + 6 + 31 = 5*o. Let b = y - j. What is the remainder when 27 is divided by b?
6
Suppose -31*n + 34*n - 891 = 0. What is the remainder when n is divided by 5*(-8)/12*-15?
47
Let z(b) = -b**3 + 6*b**2 + 6*b + 13. Calculate the remainder when 88 is divided by z(7).
4
Let n = 154 - 134. Let p = 613 + -355. What is the remainder when p is divided by n?
18
Let n = 519 + -416. Calculate the remainder when n is divided by 10.
3
Calculate the remainder when ((-2)/4*4)/((-6)/273) is divided by (-93)/(-2)*10/15.
29
Suppose 4*d - 2*c - 134 = 0, 0 = -4*c - 3 - 9. Suppose d = 3*s - 25. What is the remainder when s is divided by 5?
4
Let o = 31 + -7. What is the remainder when 42/o*59 + (-1)/4 is divided by 13?
12
Let p = 114 - 10. Calculate the remainder when p is divided by 53.
51
Let u(v) = -5 + 5*v + 3 + 2 - 1 + v**2. Let b be u(-6). Suppose -b*d = o - 28, -2*d = 3*o - 8*o + 86. Calculate the remainder when 70 is divided by o.
16
Let u(w) = -w**3 - 3*w + 9. Calculate the remainder when 61 is divided by u(0).
7
What is the remainder when (12/(-36))/((-1)/363) is divided by 42?
37
Suppose 22 + 2 = 2*w. Let i(c) = 48*c + 1. Let h be i(1). Suppose l = f + h, -4*l + l = 2*f - 137. What is the remainder when l is divided by w?
11
Suppose -4*d - 2*p = p - 213, 3 = p. What is the remainder when d is divided by 10?
1
Let g(b) = 51*b - 4. Let c(l) = l - 1. Let k(x) = -6*c(x) + g(x). Let n be k(5). Suppose 4*w + 43 = n. Calculate the remainder when w is divided by 12.
10
Let n(v) = -v**3 - 11*v**2 - 5*v. Let w be n(-6). Let c = 278 + w. Let u = 182 - c. What is the remainder when u is divided by 14?
12
Let v = 56 + -42. What is the remainder when v is divided by 3?
2
Let t(b) = 3*b**2 - 2*b - 2. Let y be t(2). Let j be (-472)/6*(-9)/y. Suppose 2*v = x - j, 5*x - 433 = 5*v + 167. What is the remainder when x is divided by 31?
29
Let p(v) = 8*v**2 - 2*v + 8. Let n = -6 - -9. What is the remainder when p(n) is divided by 20?
14
Let m(h) = -8*h - 5. Let a be m(-2). Let n(j) = -j**2 + 14*j - 18. What is the remainder when 23 is divided by n(a)?
8
Let u(w) = w + 5. Let g be u(4). Suppose -1 = -2*p + g. Let j = 3793 - 3776. What is the remainder when j is divided by p?
2
Suppose y + 3*p = -y + 18, 4*p = 4*y + 4. Suppose y*a + 30 = 3*c - a, -39 = -4*c + 5*a. Calculate the remainder when 8 is divided by c.
2
Let h be (-358)/(-10) + (-3)/(-15). Let x = h + -19. Calculate the remainder when 48 is divided by x.
14
Let q = 248 - 140. Let i = q - -27. What is the remainder when i is divided by 46?
43
Let c = 84 - 78. Suppose -5*k + c*k - 14 = 0. What is the remainder when 39 is divided by k?
11
Let m = 1299 + -1070. What is the remainder when m is divided by 34?
25
Let j = -77 + 94. What is the remainder when j is divided by 10?
7
Let m = 2 + 99. Calculate the remainder when m is divided by 6.
5
Let i(j) = 2*j + 11. Let g be i(-6). Calculate the remainder when g/((-12)/(-18) - (-507)/(-747)) is divided by 14.
13
Let s(o) = o**2 + 3*o - 1. Suppose 26*g + 360 = 41*g. What is the remainder when g is divided by s(2)?
6
Let c = 9 - -17. Calculate the remainder when c is divided by 12.
2
Suppose 2*g - 8*a = -3*a + 114, 0 = 4*g - 5*a - 228. Calculate the remainder when 340 is divided by g.
55
Let q(m) = -m**3 - 6*m**2 - 4*m - 3. Calculate the remainder when 8 - 13 - -35 - -9 is divided by q(-6).
18
Suppose -6*m + 139 - 7 = 0. Suppose -l = 2*z - 6, 3*l - 2*z - m = -4. What is the remainder when 412/l + 4/(-6) is divided by 23?
22
Let j(p) = p**2 + 0*p + p - 8 - 7 + 9. Suppose 5*x + 5*u - 205 = 0, -3*x + 2*x + 41 = 4*u. Calculate the remainder when x is divided by j(-5).
13
Let s(j) = j**3 + 3*j**2 + j + 3. Let y be s(-3). Let p(b) = 14 - 2*b + y*b - 19. Calculate the remainder when 19 is divided by p(-8).
8
Let t be 2/(0 - 5/(-10)). Suppose t*q + 26 = 2*b + 5*q, 65 = 5*b + 2*q. Calculate the remainder when 76 is divided by b.
11
Let u(h) = 81*h - 29. Calculate the remainder when u(1) is divided by 41.
11
Let x(r) = r**3 + r**2 + 8. Let t(i) be the second derivative of -i**4/12 - 5*i**3/6 + 19*i**2/2 - 46*i. Calculate the remainder when t(-4) is divided by x(0).
7
Suppose -62*h + 32*h + 2730 = 0. Calculate the remainder when 1910 is divided by h.
90
Let i(l) = l**3 + 9*l**2 + 15*l + 6. Let m be i(-6). Suppose 28*d - m*d - 56 = 0. Calculate the remainder when 54 is divided by d.
12
Let o = -1662 + 1693. What is the remainder when 185 is divided by o?
30
What is the remainder when (-20)/(180/(-351))*2/3 is divided by 4?
2
Suppose 4*v = -0*v + 480. What is the remainder when v is divided by 55/35*((7 - -4) + -4)?
10
Suppose 0 = 2*y - 8 - 6. Suppose -5*o - 48 = -y*o. What is the remainder when 189 is divided by o?
21
Let r be 155*2*3*1/(-6). Let n = r - -181. What is the remainder when 75 is divided by n?
23
Suppose 0 = -2*a + 3*c + 15 + 12, 0 = -2*a + 2*c + 24. Suppose -a*s = -4*s - 80. Calculate the remainder when s is divided by 5.
1
Let q(d) = d**2 + 30*d + 147. What is the remainder when 126 is divided by q(-5)?
16
Let c(p) = -3*p - 7 - 6 - 4 + 13. What is the remainder when c(-5) is divided by 5?
1
Let j = -322 + 366. Calculate the remainder when 56 is divided by j.
12
Suppose 0 = -5*m - 3*d + 5358 + 1017, -4*m + 2*d = -5100. Calculate the remainder when m is divided by 29.
28
Let d(m) = 2*m**3 - 15*m**2 - 7*m + 12. Calculate the remainder when (66/(-15))/(4/(-70)) is divided by d(8).
17
Suppose -3*i + i + 4 = 0. Suppose 0 = -2*m + 16 - i. What is the remainder when (1 + m/2)*4 is divided by 7?
4
Let l = -47 + 87. Suppose -5*p - 5*i + 40 = 0, -7*i = -3*i - 8. Suppose -2*s + l = -2*w, -2*s - 65 = -p*s - w. Calculate the remainder when 32 is divided by s.
15
Let s be (1 - -1)/(60/1770). Suppose -j = -4*u - 0*j + s, -5*j = -4*u + 55. Calculate the remainder when (-2)/3 - 268/(-6) is divided by u.
14
Let f(k) = 23*k**2 + 12*k - 37*k**2 + 10 + k + k**3. Calculate the remainder when 49 is divided by f(13).
9
Let y(s) = s**3 + 14*s**2 - 16*s + 35. Let z be